{"id":885,"date":"2018-11-02T10:37:53","date_gmt":"2018-11-02T08:37:53","guid":{"rendered":"http:\/\/nicugane.ro\/nou\/?page_id=885"},"modified":"2019-06-24T22:43:07","modified_gmt":"2019-06-24T20:43:07","slug":"scoala-altfel","status":"publish","type":"page","link":"https:\/\/nicugane.ro\/nou\/scoala-altfel\/","title":{"rendered":"\u0218coala Altfel 2019"},"content":{"rendered":"<h3><strong>Activit\u0103\u021bi din s\u0103pt\u0103m\u00e2na &#8220;\u0218coala altfel&#8221;, pentru Concursul &#8221; O activitate de succes&#8230;&#8221;<\/strong><\/h3>\n<ol>\n<li>\n<h4><a href=\"https:\/\/nicugane.ro\/nou\/wp-content\/uploads\/2019\/06\/Fisa_activitatii_de_succes-Anexa1.pdf\">Roboinfo<\/a> &#8211; activitate de succes din &#8220;Scoala altfel&#8221;\u00a02018-2019\u00a0(Fi\u0219a activit\u0103\u021bii de succes)<\/h4>\n<h4><\/h4>\n<\/li>\n<\/ol>\n<h4>Prezentare PowerPoint <a href=\"https:\/\/nicugane.ro\/nou\/wp-content\/uploads\/2019\/06\/Imprimarea-3D-general.pptx\">despre imprimarea 3D<\/a>.<\/h4>\n<h4>Fotografii \u0219i video suplimentare pe pagina <a href=\"http:\/\/www.roboinfo.nicugane.ro\">Cercului de Robotic\u0103<\/a><\/h4>\n<p style=\"text-align: center;\">Fotografii de la activitate:<\/p>\n<p><img decoding=\"async\" loading=\"lazy\" class=\"wp-image-1272 aligncenter\" src=\"https:\/\/nicugane.ro\/nou\/wp-content\/uploads\/2019\/06\/Poster_Roboinfo.jpg\" alt=\"\" width=\"437\" height=\"619\" srcset=\"https:\/\/nicugane.ro\/nou\/wp-content\/uploads\/2019\/06\/Poster_Roboinfo.jpg 1587w, https:\/\/nicugane.ro\/nou\/wp-content\/uploads\/2019\/06\/Poster_Roboinfo-212x300.jpg 212w, https:\/\/nicugane.ro\/nou\/wp-content\/uploads\/2019\/06\/Poster_Roboinfo-768x1086.jpg 768w, https:\/\/nicugane.ro\/nou\/wp-content\/uploads\/2019\/06\/Poster_Roboinfo-724x1024.jpg 724w, https:\/\/nicugane.ro\/nou\/wp-content\/uploads\/2019\/06\/Poster_Roboinfo-191x270.jpg 191w\" sizes=\"(max-width: 437px) 100vw, 437px\" \/>\u00a0<img decoding=\"async\" loading=\"lazy\" class=\"wp-image-1274 aligncenter\" src=\"https:\/\/nicugane.ro\/nou\/wp-content\/uploads\/2019\/06\/20181029_103109-768x1024.jpg\" alt=\"\" width=\"462\" height=\"616\" srcset=\"https:\/\/nicugane.ro\/nou\/wp-content\/uploads\/2019\/06\/20181029_103109-768x1024.jpg 768w, https:\/\/nicugane.ro\/nou\/wp-content\/uploads\/2019\/06\/20181029_103109-225x300.jpg 225w, https:\/\/nicugane.ro\/nou\/wp-content\/uploads\/2019\/06\/20181029_103109-203x270.jpg 203w\" sizes=\"(max-width: 462px) 100vw, 462px\" \/><\/p>\n<p><img decoding=\"async\" loading=\"lazy\" class=\"wp-image-1273 aligncenter\" src=\"https:\/\/nicugane.ro\/nou\/wp-content\/uploads\/2019\/06\/20181029_102929-1024x768.jpg\" alt=\"\" width=\"834\" height=\"625\" srcset=\"https:\/\/nicugane.ro\/nou\/wp-content\/uploads\/2019\/06\/20181029_102929-1024x768.jpg 1024w, https:\/\/nicugane.ro\/nou\/wp-content\/uploads\/2019\/06\/20181029_102929-300x225.jpg 300w, https:\/\/nicugane.ro\/nou\/wp-content\/uploads\/2019\/06\/20181029_102929-768x576.jpg 768w, https:\/\/nicugane.ro\/nou\/wp-content\/uploads\/2019\/06\/20181029_102929-360x270.jpg 360w\" sizes=\"(max-width: 834px) 100vw, 834px\" \/><\/p>\n<h3 style=\"text-align: center;\"><strong>Imprimanta 3D la lucru, realizat\u0103 la clubul de robotic\u0103 de elevii Colegiului.<\/strong><\/h3>\n<p><img decoding=\"async\" loading=\"lazy\" class=\"wp-image-1277 aligncenter\" src=\"https:\/\/nicugane.ro\/nou\/wp-content\/uploads\/2019\/06\/poza1-1024x768.jpg\" alt=\"\" width=\"827\" height=\"620\" srcset=\"https:\/\/nicugane.ro\/nou\/wp-content\/uploads\/2019\/06\/poza1-1024x768.jpg 1024w, https:\/\/nicugane.ro\/nou\/wp-content\/uploads\/2019\/06\/poza1-300x225.jpg 300w, https:\/\/nicugane.ro\/nou\/wp-content\/uploads\/2019\/06\/poza1-768x576.jpg 768w, https:\/\/nicugane.ro\/nou\/wp-content\/uploads\/2019\/06\/poza1-360x270.jpg 360w, https:\/\/nicugane.ro\/nou\/wp-content\/uploads\/2019\/06\/poza1.jpg 1032w\" sizes=\"(max-width: 827px) 100vw, 827px\" \/><\/p>\n<figure id=\"attachment_1279\" aria-describedby=\"caption-attachment-1279\" style=\"width: 831px\" class=\"wp-caption aligncenter\"><img decoding=\"async\" loading=\"lazy\" class=\"wp-image-1279 \" src=\"https:\/\/nicugane.ro\/nou\/wp-content\/uploads\/2019\/06\/poza2-1024x768.jpg\" alt=\"\" width=\"831\" height=\"624\" srcset=\"https:\/\/nicugane.ro\/nou\/wp-content\/uploads\/2019\/06\/poza2-1024x768.jpg 1024w, https:\/\/nicugane.ro\/nou\/wp-content\/uploads\/2019\/06\/poza2-300x225.jpg 300w, https:\/\/nicugane.ro\/nou\/wp-content\/uploads\/2019\/06\/poza2-768x576.jpg 768w, https:\/\/nicugane.ro\/nou\/wp-content\/uploads\/2019\/06\/poza2-360x270.jpg 360w, https:\/\/nicugane.ro\/nou\/wp-content\/uploads\/2019\/06\/poza2.jpg 1032w\" sizes=\"(max-width: 831px) 100vw, 831px\" \/><figcaption id=\"caption-attachment-1279\" class=\"wp-caption-text\">Imprimanta 2D ce taie\/graveaz\u0103 cu laser.<\/figcaption><\/figure>\n<figure id=\"attachment_1281\" aria-describedby=\"caption-attachment-1281\" style=\"width: 823px\" class=\"wp-caption aligncenter\"><img decoding=\"async\" loading=\"lazy\" class=\"wp-image-1281 \" src=\"https:\/\/nicugane.ro\/nou\/wp-content\/uploads\/2019\/06\/20181029_101015-1024x768.jpg\" alt=\"\" width=\"823\" height=\"617\" srcset=\"https:\/\/nicugane.ro\/nou\/wp-content\/uploads\/2019\/06\/20181029_101015-1024x768.jpg 1024w, https:\/\/nicugane.ro\/nou\/wp-content\/uploads\/2019\/06\/20181029_101015-300x225.jpg 300w, https:\/\/nicugane.ro\/nou\/wp-content\/uploads\/2019\/06\/20181029_101015-768x576.jpg 768w, https:\/\/nicugane.ro\/nou\/wp-content\/uploads\/2019\/06\/20181029_101015-360x270.jpg 360w\" sizes=\"(max-width: 823px) 100vw, 823px\" \/><figcaption id=\"caption-attachment-1281\" class=\"wp-caption-text\">Imprimanta 3D la lucru, realizat\u0103 la clubul de robotic\u0103 de elevii Colegiului.<\/figcaption><\/figure>\n<div style=\"width: 640px;\" class=\"wp-video\"><!--[if lt IE 9]><script>document.createElement('video');<\/script><![endif]-->\n<video class=\"wp-video-shortcode\" id=\"video-885-1\" width=\"640\" height=\"480\" preload=\"metadata\" controls=\"controls\"><source type=\"video\/mp4\" src=\"https:\/\/nicugane.ro\/nou\/wp-content\/uploads\/2019\/06\/video-scoala-altfel.mp4?_=1\" \/><a href=\"https:\/\/nicugane.ro\/nou\/wp-content\/uploads\/2019\/06\/video-scoala-altfel.mp4\">https:\/\/nicugane.ro\/nou\/wp-content\/uploads\/2019\/06\/video-scoala-altfel.mp4<\/a><\/video><\/div>\n<p>&nbsp;<\/p>\n<div style=\"width: 640px;\" class=\"wp-video\"><video class=\"wp-video-shortcode\" id=\"video-885-2\" width=\"640\" height=\"480\" preload=\"metadata\" controls=\"controls\"><source type=\"video\/mp4\" src=\"https:\/\/nicugane.ro\/nou\/wp-content\/uploads\/2019\/06\/video-cruce-7A.mp4?_=2\" \/><a href=\"https:\/\/nicugane.ro\/nou\/wp-content\/uploads\/2019\/06\/video-cruce-7A.mp4\">https:\/\/nicugane.ro\/nou\/wp-content\/uploads\/2019\/06\/video-cruce-7A.mp4<\/a><\/video><\/div>\n<p>Imprimanta 3D face demonstra\u021bii elevilor de clasa a VII-a.<\/p>\n<div style=\"width: 640px;\" class=\"wp-video\"><video class=\"wp-video-shortcode\" id=\"video-885-3\" width=\"640\" height=\"480\" preload=\"metadata\" controls=\"controls\"><source type=\"video\/mp4\" src=\"https:\/\/nicugane.ro\/nou\/wp-content\/uploads\/2019\/06\/mini-imprim.mp4?_=3\" \/><a href=\"https:\/\/nicugane.ro\/nou\/wp-content\/uploads\/2019\/06\/mini-imprim.mp4\">https:\/\/nicugane.ro\/nou\/wp-content\/uploads\/2019\/06\/mini-imprim.mp4<\/a><\/video><\/div>\n<p>Mini imprimanta f\u0103cut\u0103 din 2 unit\u0103\u021bi DVD.<\/p>\n<p>&nbsp;<\/p>\n<div style=\"width: 640px;\" class=\"wp-video\"><video class=\"wp-video-shortcode\" id=\"video-885-4\" width=\"640\" height=\"480\" preload=\"metadata\" controls=\"controls\"><source type=\"video\/mp4\" src=\"https:\/\/nicugane.ro\/nou\/wp-content\/uploads\/2019\/06\/gravare_laser.mp4?_=4\" \/><a href=\"https:\/\/nicugane.ro\/nou\/wp-content\/uploads\/2019\/06\/gravare_laser.mp4\">https:\/\/nicugane.ro\/nou\/wp-content\/uploads\/2019\/06\/gravare_laser.mp4<\/a><\/video><\/div>\n<p>Imprimanta 2D, PrintEngrave, face demonstra\u021bii cu laserul.<\/p>\n<p><img decoding=\"async\" loading=\"lazy\" class=\"wp-image-1301 size-large aligncenter\" src=\"https:\/\/nicugane.ro\/nou\/wp-content\/uploads\/2019\/06\/Poster-PrintEngrave-724x1024.jpg\" alt=\"\" width=\"640\" height=\"905\" srcset=\"https:\/\/nicugane.ro\/nou\/wp-content\/uploads\/2019\/06\/Poster-PrintEngrave-724x1024.jpg 724w, https:\/\/nicugane.ro\/nou\/wp-content\/uploads\/2019\/06\/Poster-PrintEngrave-212x300.jpg 212w, https:\/\/nicugane.ro\/nou\/wp-content\/uploads\/2019\/06\/Poster-PrintEngrave-768x1086.jpg 768w, https:\/\/nicugane.ro\/nou\/wp-content\/uploads\/2019\/06\/Poster-PrintEngrave-191x270.jpg 191w, https:\/\/nicugane.ro\/nou\/wp-content\/uploads\/2019\/06\/Poster-PrintEngrave.jpg 1587w\" sizes=\"(max-width: 640px) 100vw, 640px\" \/><\/p>\n<p style=\"text-align: center;\">Poster PrintEngrave.<\/p>\n<p><img decoding=\"async\" loading=\"lazy\" class=\"wp-image-1303 size-large aligncenter\" src=\"https:\/\/nicugane.ro\/nou\/wp-content\/uploads\/2019\/06\/poster-RoboArmcar-1024x745.jpg\" alt=\"\" width=\"640\" height=\"466\" srcset=\"https:\/\/nicugane.ro\/nou\/wp-content\/uploads\/2019\/06\/poster-RoboArmcar-1024x745.jpg 1024w, https:\/\/nicugane.ro\/nou\/wp-content\/uploads\/2019\/06\/poster-RoboArmcar-300x218.jpg 300w, https:\/\/nicugane.ro\/nou\/wp-content\/uploads\/2019\/06\/poster-RoboArmcar-768x559.jpg 768w, https:\/\/nicugane.ro\/nou\/wp-content\/uploads\/2019\/06\/poster-RoboArmcar-360x262.jpg 360w, https:\/\/nicugane.ro\/nou\/wp-content\/uploads\/2019\/06\/poster-RoboArmcar.jpg 1792w\" sizes=\"(max-width: 640px) 100vw, 640px\" \/><\/p>\n<p style=\"text-align: center;\">Poster RoboArmcar<\/p>\n<p>&nbsp;<\/p>\n<p>&nbsp;<\/p>\n","protected":false},"excerpt":{"rendered":"<p>Activit\u0103\u021bi din s\u0103pt\u0103m\u00e2na &#8220;\u0218coala altfel&#8221;, pentru Concursul &#8221; O activitate de succes&#8230;&#8221; Roboinfo &#8211; activitate de succes din &#8220;Scoala altfel&#8221;\u00a02018-2019\u00a0(Fi\u0219a activit\u0103\u021bii de succes) Prezentare PowerPoint despre imprimarea 3D. Fotografii \u0219i video suplimentare pe pagina Cercului de Robotic\u0103 Fotografii de la <a href=\"https:\/\/nicugane.ro\/nou\/scoala-altfel\/\" class=\"read-more\">Citi\u021bi mai mult&#8230;<\/a><\/p>\n","protected":false},"author":1,"featured_media":0,"parent":0,"menu_order":0,"comment_status":"closed","ping_status":"closed","template":"","meta":[],"categories":[],"_links":{"self":[{"href":"https:\/\/nicugane.ro\/nou\/wp-json\/wp\/v2\/pages\/885"}],"collection":[{"href":"https:\/\/nicugane.ro\/nou\/wp-json\/wp\/v2\/pages"}],"about":[{"href":"https:\/\/nicugane.ro\/nou\/wp-json\/wp\/v2\/types\/page"}],"author":[{"embeddable":true,"href":"https:\/\/nicugane.ro\/nou\/wp-json\/wp\/v2\/users\/1"}],"replies":[{"embeddable":true,"href":"https:\/\/nicugane.ro\/nou\/wp-json\/wp\/v2\/comments?post=885"}],"version-history":[{"count":29,"href":"https:\/\/nicugane.ro\/nou\/wp-json\/wp\/v2\/pages\/885\/revisions"}],"predecessor-version":[{"id":888,"href":"https:\/\/nicugane.ro\/nou\/wp-json\/wp\/v2\/pages\/885\/revisions\/888"}],"wp:attachment":[{"href":"https:\/\/nicugane.ro\/nou\/wp-json\/wp\/v2\/media?parent=885"}],"wp:term":[{"taxonomy":"category","embeddable":true,"href":"https:\/\/nicugane.ro\/nou\/wp-json\/wp\/v2\/categories?post=885"}],"curies":[{"name":"wp","href":"https:\/\/api.w.org\/{rel}","templated":true}]}}