{"id":1388,"date":"2020-06-05T19:20:17","date_gmt":"2020-06-05T17:20:17","guid":{"rendered":"http:\/\/nicugane.ro\/nou\/?page_id=1388"},"modified":"2021-06-24T12:31:16","modified_gmt":"2021-06-24T10:31:16","slug":"gimnaziu","status":"publish","type":"page","link":"https:\/\/nicugane.ro\/nou\/gimnaziu\/","title":{"rendered":"Gimnaziu"},"content":{"rendered":"\n<div class=\"wp-block-file\"><a href=\"https:\/\/nicugane.ro\/nou\/wp-content\/uploads\/2021\/06\/ANUNT-PRIVITOR-LA-SUSTINEREA-PROBELOR-DE-ADMITERE-LA-CLASA-a-V-a-2.pdf\">ANUNT-PRIVITOR-LA-SUSTINEREA-PROBELOR-DE-ADMITERE-LA-CLASA-a-V-a<\/a><a href=\"https:\/\/nicugane.ro\/nou\/wp-content\/uploads\/2021\/06\/ANUNT-PRIVITOR-LA-SUSTINEREA-PROBELOR-DE-ADMITERE-LA-CLASA-a-V-a-2.pdf\" class=\"wp-block-file__button\" download>Descarc\u0103<\/a><\/div>\n\n\n\n<div class=\"wp-block-file\"><a href=\"https:\/\/nicugane.ro\/nou\/wp-content\/uploads\/2021\/02\/cerere-inscriere-testare-cl-a-V_.pdf\">Cerere \u00censcriere testare-clasa a-V-a<\/a><a href=\"https:\/\/nicugane.ro\/nou\/wp-content\/uploads\/2021\/02\/cerere-inscriere-testare-cl-a-V_.pdf\" class=\"wp-block-file__button\" download>Descarc\u0103<\/a><\/div>\n\n\n<p><\/p>\n<p>Teste de antrenament pentru admiterea la clasa a V-a<\/p>\n<p><strong>Testul 1:<\/strong><\/p>\n<p>&#8211; <a href=\"https:\/\/nicugane.ro\/nou\/wp-content\/uploads\/2020\/06\/Romana5-2019.pdf\">Subiect Lb. rom\u00e2n\u0103 + Barem<\/a><\/p>\n<p>&#8211; <a href=\"https:\/\/nicugane.ro\/nou\/wp-content\/uploads\/2020\/06\/Matematica5-2019.pdf\">Subiect matematic\u0103<\/a><\/p>\n<p>&#8211; <a href=\"https:\/\/nicugane.ro\/nou\/wp-content\/uploads\/2020\/06\/barem-matematica5-2019.pdf\">Barem matematic\u0103<\/a><\/p>\n<p><strong>Testul 2:<\/strong><\/p>\n<p>&#8211; <a href=\"https:\/\/nicugane.ro\/nou\/wp-content\/uploads\/2020\/06\/Romana5-2018.pdf\">Subiect Lb. rom\u00e2n\u0103<\/a><\/p>\n<p>&#8211; <a href=\"https:\/\/nicugane.ro\/nou\/wp-content\/uploads\/2020\/06\/Matematica5-2018.pdf\">Subiect Matematic\u0103<\/a><\/p>\n<p><strong>Testul 3:<\/strong><\/p>\n<ul>\n<li><a href=\"https:\/\/nicugane.ro\/nou\/wp-content\/uploads\/2020\/06\/test3.pdf\">Subiect Matematic\u0103<\/a>&nbsp; &nbsp;+ <a href=\"https:\/\/nicugane.ro\/nou\/wp-content\/uploads\/2020\/06\/barem-test3.pdf\">Barem<\/a><\/li>\n<li><a href=\"https:\/\/nicugane.ro\/nou\/wp-content\/uploads\/2020\/06\/test3_Lb.romana.pdf\">Subiect Lb. rom\u00e2n\u0103<\/a><\/li>\n<\/ul>\n<p><strong>Testul 4:<\/strong><\/p>\n<ul>\n<li><a href=\"https:\/\/nicugane.ro\/nou\/wp-content\/uploads\/2020\/06\/test4.pdf\">Subiect Matematic\u0103<\/a>&nbsp;&nbsp;&nbsp;&nbsp;+<a href=\"https:\/\/nicugane.ro\/nou\/wp-content\/uploads\/2020\/06\/barem-test4.pdf\"> Barem<\/a><\/li>\n<li><a href=\"https:\/\/nicugane.ro\/nou\/wp-content\/uploads\/2020\/06\/test4_Lb.romana.pdf\">Subiect Lb. rom\u00e2n\u0103<\/a><\/li>\n<\/ul>\n<p><strong>Testul 5:<\/strong><\/p>\n<ul>\n<li><a href=\"https:\/\/nicugane.ro\/nou\/wp-content\/uploads\/2020\/06\/test5-mate.pdf\">Subiect Matematic\u0103<\/a>&nbsp; &nbsp;+ <a href=\"https:\/\/nicugane.ro\/nou\/wp-content\/uploads\/2020\/06\/test5-barem.pdf\">Barem<\/a><\/li>\n<li><a href=\"https:\/\/nicugane.ro\/nou\/wp-content\/uploads\/2020\/06\/test5-romana.pdf\">Subiect Lb. rom\u00e2n\u0103<\/a><\/li>\n<\/ul>\n<p><strong>Testul 6:<\/strong><\/p>\n<ul>\n<li><a href=\"https:\/\/nicugane.ro\/nou\/wp-content\/uploads\/2020\/06\/test6-mate.pdf\">Subiect Matematic\u0103<\/a>&nbsp; &nbsp;+ <a href=\"https:\/\/nicugane.ro\/nou\/wp-content\/uploads\/2020\/06\/test6-barem.pdf\">Barem<\/a><\/li>\n<li><a href=\"https:\/\/nicugane.ro\/nou\/wp-content\/uploads\/2020\/06\/test-clasa-5.pdf\">Subiect Lb. rom\u00e2n\u0103<\/a><\/li>\n<\/ul>\n<p><strong>Testul 7:<\/strong><\/p>\n<ul>\n<li><a href=\"https:\/\/nicugane.ro\/nou\/wp-content\/uploads\/2020\/06\/test7-mate.pdf\">Subiect Matematic\u0103<\/a>&nbsp; &nbsp;+ <a href=\"https:\/\/nicugane.ro\/nou\/wp-content\/uploads\/2020\/06\/test7-barem.pdf\">Barem<\/a><\/li>\n<li><a href=\"https:\/\/nicugane.ro\/nou\/wp-content\/uploads\/2020\/06\/testare-cls-5-var2.pdf\">Subiect Lb. rom\u00e2n\u0103<\/a><\/li>\n<\/ul>\n<p><strong>Testul 8:<\/strong><\/p>\n<ul>\n<li><a href=\"https:\/\/nicugane.ro\/nou\/wp-content\/uploads\/2020\/06\/test8-mate.pdf\">Subiect Matematic\u0103<\/a>&nbsp; &nbsp;+ <a href=\"https:\/\/nicugane.ro\/nou\/wp-content\/uploads\/2020\/06\/test8-barem.pdf\">Barem<\/a><\/li>\n<li><a href=\"https:\/\/nicugane.ro\/nou\/wp-content\/uploads\/2020\/06\/test8-romana.pdf\">Subiect Lb. rom\u00e2n\u0103<\/a><\/li>\n<\/ul>\n<p><strong>Testul 9:<\/strong><\/p>\n<ul>\n<li><a href=\"https:\/\/nicugane.ro\/nou\/wp-content\/uploads\/2020\/06\/test9-mate.pdf\">Subiect Matematic\u0103<\/a>&nbsp; &nbsp;+ <a href=\"https:\/\/nicugane.ro\/nou\/wp-content\/uploads\/2020\/06\/barem9-mate.pdf\">Barem<\/a><\/li>\n<li><a href=\"https:\/\/nicugane.ro\/nou\/wp-content\/uploads\/2020\/06\/test9-romana.pdf\">Subiect Lb. rom\u00e2n\u0103<\/a><\/li>\n<\/ul>\n<p><strong>Testul 10:<\/strong><\/p>\n<ul>\n<li><a href=\"https:\/\/nicugane.ro\/nou\/wp-content\/uploads\/2020\/06\/test10-mate.pdf\">Subiect Matematic\u0103<\/a>&nbsp; &nbsp;+ <a href=\"https:\/\/nicugane.ro\/nou\/wp-content\/uploads\/2020\/06\/barem10-mate.pdf\">Barem<\/a><\/li>\n<li>Subiect Lb. rom\u00e2n\u0103<\/li>\n<\/ul>\n<p>Ultima actualizare 26 iunie 2020, 08:00<\/p>\n<p><span style=\"font-size: x-large; color: red;\"><br>S\u0103pt\u0103m\u00e2nal vor fi publicate teste de antrenament p\u00e2n\u0103 la data admiterii (27 iunie 2020)<\/span><\/p>\n<p><\/p>","protected":false},"excerpt":{"rendered":"<p>Teste de antrenament pentru admiterea la clasa a V-a Testul 1: &#8211; Subiect Lb. rom\u00e2n\u0103 + Barem &#8211; Subiect matematic\u0103 &#8211; Barem matematic\u0103 Testul 2: &#8211; Subiect Lb. rom\u00e2n\u0103 &#8211; Subiect Matematic\u0103 Testul 3: Subiect Matematic\u0103&nbsp; &nbsp;+ Barem Subiect Lb. <a href=\"https:\/\/nicugane.ro\/nou\/gimnaziu\/\" class=\"read-more\">Citi\u021bi mai mult&#8230;<\/a><\/p>\n","protected":false},"author":1,"featured_media":0,"parent":0,"menu_order":0,"comment_status":"closed","ping_status":"closed","template":"","meta":[],"categories":[28],"_links":{"self":[{"href":"https:\/\/nicugane.ro\/nou\/wp-json\/wp\/v2\/pages\/1388"}],"collection":[{"href":"https:\/\/nicugane.ro\/nou\/wp-json\/wp\/v2\/pages"}],"about":[{"href":"https:\/\/nicugane.ro\/nou\/wp-json\/wp\/v2\/types\/page"}],"author":[{"embeddable":true,"href":"https:\/\/nicugane.ro\/nou\/wp-json\/wp\/v2\/users\/1"}],"replies":[{"embeddable":true,"href":"https:\/\/nicugane.ro\/nou\/wp-json\/wp\/v2\/comments?post=1388"}],"version-history":[{"count":32,"href":"https:\/\/nicugane.ro\/nou\/wp-json\/wp\/v2\/pages\/1388\/revisions"}],"predecessor-version":[{"id":2072,"href":"https:\/\/nicugane.ro\/nou\/wp-json\/wp\/v2\/pages\/1388\/revisions\/2072"}],"wp:attachment":[{"href":"https:\/\/nicugane.ro\/nou\/wp-json\/wp\/v2\/media?parent=1388"}],"wp:term":[{"taxonomy":"category","embeddable":true,"href":"https:\/\/nicugane.ro\/nou\/wp-json\/wp\/v2\/categories?post=1388"}],"curies":[{"name":"wp","href":"https:\/\/api.w.org\/{rel}","templated":true}]}}